-7
Let u(n) be the first derivative of -n**3/2 - n**2/2 - 11*n + 3. Let q(y) be the first derivative of u(y). Let p(d) = -d + 11. Let w be p(9). What is q(w)?
-7
Let p(j) = j - 75 - 3*j - 9*j + 72 - 6*j. Calculate p(1).
-20
Let c(v) = -2*v**2 + 5 + 0*v**2 + 1 - 8*v + 3*v**2. Suppose 5*r - 10 = -4*i - 2*i, 2*i - r - 14 = 0. Give c(i).
-9
Let o(a) be the third derivative of a**4/8 - a**3/3 + 88*a**2. What is o(2)?
4
Let q(j) = -j**2 + 2*j + 3. Let d = -131 - -135. Give q(d).
-5
Let d(v) = 5*v**3 - 116*v**2 + 24*v - 24. Let w be d(23). Let h(l) be the first derivative of -11*l**2/2 - l - 1. Give h(w).
10
Suppose -6 = 4*n + 4*r - 2, 2*n + 3*r = -7. Let w(q) be the third derivative of q**6/120 - q**5/12 + q**4/6 - q**3 + q**2 + 1. Give w(n).
-6
Let v(h) = -1. Let f(s) = -s - 33. Let w(c) = 16. Let j(d) = 4*f(d) + 7*w(d). Let t(z) = -3*j(z) + 60*v(z). Calculate t(-1).
-12
Let k(f) be the first derivative of f**3/3 - f**2/2 - 6*f + 594. Give k(5).
14
Let o(s) = -s**3 - 6*s**2 - 2*s - 12. Suppose 11*m = 636 - 702. Calculate o(m).
0
Let p(f) = -5*f**3 + f**2. Let y = 3 - -2. Suppose -5 = y*c + 2*u - 7*u, -10 = -5*u. Calculate p(c).
-4
Let x(f) = 3*f**2 - 3*f + 2. Let a be (6/7)/(102/357). Calculate x(a).
20
Let g(t) = -3*t + 1. Let j(i) = 12*i + 23. Let r be j(-1). Suppose -2*l + o = 8, -3 = 3*o - 15. Let q(y) = -16*y + 5. Let v(w) = l*q(w) + r*g(w). Give v(0).
1
Let g be (5 + -8)*2/6. Let x(s) be the third derivative of 13*s**5/60 - s**4/24 + 34*s**2. Calculate x(g).
14
Let s(o) be the third derivative of -o**7/840 + o**6/90 + o**5/120 + o**4/24 - 25*o**3/6 + 19*o**2. Let n(t) be the first derivative of s(t). What is n(2)?
11
Let z be 2 + 3 + (2 - 1). Let l(h) be the third derivative of -1/30*h**5 + 1/120*h**z - 1/3*h**3 + 0*h + 4*h**2 + 1/6*h**4 + 0. Give l(2).
6
Suppose 8*a = 6*a + 28. Suppose 0 = p - 0*u + 4*u - 8, 3*p = -2*u + a. Let g(y) = y**2 - 2*y. Give g(p).
8
Let w = -60 + 54. Let x(b) = -b**3 - 4*b**2 + 6*b - 6. Give x(w).
30
Suppose 3*z - 3*w = -w - 5, 0 = 3*w + 6. Let f(l) = -l**3 - 2*l**2 + 3*l + 3. Determine f(z).
3
Let k(m) = 6*m**3 + m**2 + m**2 - 12*m**3 - 1 - 1 + 4*m**3 + m. Give k(1).
-1
Let t(s) = -s**2 + 5*s - 11. Let q(r) = -6*r**2 + 27*r - 57. Let o(p) = -2*q(p) + 11*t(p). What is o(0)?
-7
Let w(r) = -r**3 + r**2 + r. Let t(d) = d**3 - 4*d**2 - d + 1. Let y(m) = t(m) + 2*w(m). Give y(-3).
7
Let x be 3/6*38 - 4. Let b be x/15 + 0 + 2. Let t(w) = 2*w + 0*w + w - w**2 - 2*w**b - 5*w - 2. Give t(-2).
14
Suppose -2*d + 2 = 8. Let v(t) = t**2 + 3. Let z be v(d). Suppose a - z = 5*a. Let g(u) = 4*u + 3. Calculate g(a).
-9
Let x(d) = 6*d - 10. Suppose -342 = -6*c - 294. Give x(c).
38
Let v(h) = 17*h + 11*h - 27*h + 6 - h**2. Suppose -2*k + 2*m = 0, -k + 3*m + 16 = 6*m. Suppose -3*x - 12 = 4*r, k*x = -10 - 6. Calculate v(r).
6
Let s(h) be the first derivative of 1/20*h**5 - 1/6*h**3 - 1/12*h**4 + h**2 + 0*h + 2. Let w(r) be the second derivative of s(r). Give w(-1).
4
Let f be ((-54)/15)/((-1)/(-5)). Let b = -19 - f. Let d(r) = 10*r**2 - 1. Determine d(b).
9
Let h(k) = 20 - 7 - 9 - k - 7. Suppose g - 13 = 5*t + 12, t + 5 = 0. Calculate h(g).
-3
Let z(y) be the third derivative of -y**4/24 + y**3/2 - 26*y**2. Let s(i) = i**3 + 6*i**2 + 5*i - 5. Let v be s(-5). What is z(v)?
8
Let s(y) = -6*y + 1 + 13*y + 0. Suppose 34 = -89*q - 55. Determine s(q).
-6
Let x(v) = -v**2 - 2*v + 6. Let c be (-1)/(-1)*(4 + (-28)/4). Determine x(c).
3
Let d(v) = 3 - 25*v + 68*v - 18*v - 15*v - 11*v. Calculate d(10).
-7
Let b(u) = u + 0*u + 3202*u**3 - 3 - 3203*u**3 + 11. Calculate b(0).
8
Let c(d) = 0*d + 20 - 12 - 5 - 9 - 2*d. Give c(-6).
6
Let r be (-5)/30 + 31/6. Let b(p) = -p**3 + 6*p**2 - 7*p + 5. Give b(r).
-5
Let h(g) = -28*g - 18. Let a(m) = 9*m + 6. Let c(n) = -10*a(n) - 3*h(n). What is c(-4)?
18
Let c(a) = a**2 - 11*a + 13. Let r be c(9). Let x(g) = -g + 1. Give x(r).
6
Let m be (-3 - -2)/(1/(-7)). Let f(g) = -m*g**2 + 2*g**2 - 3*g + 5 + 2*g + 1 + g**3. Suppose -5 + 25 = h + 5*y, -3*y - 11 = -4*h. Determine f(h).
1
Let z(x) be the third derivative of -x**8/20160 + x**7/420 - x**6/80 - 13*x**5/30 - 17*x**2. Let t(s) be the third derivative of z(s). What is t(8)?
23
Let v(o) = -2*o - 88*o**3 + 87*o**3 + 6*o - 5*o + 7*o**2 + 10. Give v(7).
3
Suppose -g + 6 = 4. Suppose 0 = -g*i - 0 + 2. Let y(k) be the first derivative of -3*k**4/4 + 2*k**3/3 - k**2 + k - 7. Determine y(i).
-2
Suppose -3*i - 3*j = 0, 4*i + j = 8 + 4. Let v(p) = -5*p + 11*p + i - 2 - 7*p. What is v(0)?
2
Let d(l) = -l. Suppose -1 = 7*n - 85. Let a(k) = 2*k + 6*k + 11*k**2 + 11 - n - 4*k**2. Let c(x) = a(x) + 6*d(x). Give c(1).
8
Suppose -61*g - 293 = -1025. Let y(n) = -n**3 + 13*n**2 - 12*n - 5. Give y(g).
-5
Let f(h) = -23*h - 13*h + 67*h - 16*h - 18*h. What is f(3)?
-9
Let n(j) = 3*j**2 - 9*j + 4. Let w be n(3). Let p(k) = k**3 - 5*k**2 + 4*k - 2. Let u be p(w). Let x(i) = -2*i**2 - 2*i - 2. Give x(u).
-6
Let j(c) = -13*c - 6. Let k be j(-2). Let l = k + -5. Suppose 6*q + l = 3. Let p(z) = -z**3 - 2*z**2 + 4*z + 3. What is p(q)?
-5
Let c(b) be the first derivative of -b**4/4 - 2*b**3 - 7*b - 1. Suppose 3*t = 7*d - 12*d - 21, 4*t - 12 = 0. What is c(d)?
-7
Let h(w) be the third derivative of -w**6/120 + w**5/20 + w**4/8 - w**3/2 - 78*w**2. What is h(3)?
6
Let p be (-5 + 8)/((-2)/(-2)). Suppose -4*g = -16, -p*g - 2*g = -2*o - 22. Let b(i) = -2*i**2 - i - 1. What is b(o)?
-2
Let d(g) be the first derivative of 3*g**2/2 - 24*g - 128. Determine d(7).
-3
Suppose -1 = -5*p - 1. Let f be (-10 - -6) + 1/(1 + p). Let q(l) = 1 + 3*l**2 + 5*l - 3 + 4. Determine q(f).
14
Let p = -1 + -3. Let k be (-5 - p)*1 - 3. Let g(d) = -d**3 - 5*d**2 - 3*d - 3. Determine g(k).
-7
Suppose -4*n + 4*o = -20, -5 = -3*n + 5*o + 8. Let r(g) = -7*g**2 + 7*g - 4. Let a(s) = -6*s**2 + 6*s - 3. Let f(m) = n*a(m) - 5*r(m). Determine f(2).
0
Suppose -5 + 23 = -3*l. Let z(d) = -2*d**2 - 7*d - 18. Let k(t) = -t**2 - 4*t - 9. Let b(g) = -5*k(g) + 2*z(g). What is b(l)?
9
Suppose -2 = -2*r, -5*k + 2*r = -k - 18. Let o = k - -4. Let h(v) = -v**3 + 10*v**2 - 9*v + 4. Calculate h(o).
4
Let l(q) = q**3 + 13*q**2 + 12*q + 6. Suppose 20 = -2*o - 2*d, -o + 6*d - 14 = 5*d. What is l(o)?
6
Let d(c) = 2*c + 6. Let g be d(10). Let p be 18/5 + 8/20. Suppose p*t - 2 = -g. Let b(u) = -u**2 - 3*u + 7. Determine b(t).
-11
Let n(t) = 5*t**2 - 3*t + 2. Let h(i) = i**3 + 18*i**2 + i + 19. Let a be h(-18). What is n(a)?
4
Suppose -n + 36 = -3*b, 12 = -4*b + 3*b + 2*n. Let l be ((-10)/3 - 0) + b/18. Let t(u) = u + 1. Give t(l).
-3
Suppose 65 = -2*z - 3*i, 4*i + 40 = -z + i. Let n(h) = h**3 + 26*h**2 + 24*h - 24. What is n(z)?
1
Let t(h) = -h + 14. Let n(b) = -2*b**2 - 126*b - 368. Let f be n(-3). Determine t(f).
22
Let r = -580 + 581. Let q(t) = -23*t - 1. What is q(r)?
-24
Let s(d) be the third derivative of 0*d + 22*d**2 + 0 + 1/6*d**4 - 2/3*d**3. Give s(-3).
-16
Let c(f) = 8*f**3 - 109*f**2 - 22*f**3 + 13*f**3 - 4*f + 115*f**2 + 1. Give c(6).
-23
Suppose 5*o - 33 - 22 = 0. Let p(w) = w**2 - 10*w - 11. What is p(o)?
0
Let c(z) = -1 + 6*z + 1 - 7*z. Let r(l) = -5*l + 1. Let p(t) = -4*c(t) + r(t). What is p(-4)?
5
Let o(m) = -m**3 - 5*m**2 - m - 6. Let n(j) = 30*j - 65. Let q be n(2). Give o(q).
-1
Let q(o) = -5*o**3 - 17*o**2 - 4*o - 17. Let s(g) = -2*g**3 - 6*g**2 - g - 6. Let h = 43 + -46. Let f(j) = h*q(j) + 8*s(j). Give f(-2).
15
Suppose -67 = 2*b - 73. Let x(g) = g**2 - g. Give x(b).
6
Let w(b) = -b - 9. Let d(f) = -39*f - 243. Let z be d(-6). Determine w(z).
0
Let d = -92 - -100. Let w(m) = -6*m**2 + d*m + 4*m**2 + 8 - 4*m**2 + 5*m**2. Calculate w(8).
8
Suppose -7*g = -2*g - 35. Let u = g - 2. Let y(d) = 2*d**2 - 2*d - 1. Let p(a) = 3*a**2 + 2*a - 1. Let o(h) = p(h) - 2*y(h). Calculate o(u).
6
Let d(k) = -7*k**2 - 2*k - 1. Let n be d(-1). Suppose -a = -4*s + 20, 16 = -2*s - 5*a + 48. Let j(c) = s*c + 8 + c**2 - 11 - c. What is j(n)?
3
Let k(g) = 3*g**3 - 9*g**2 - 2*g - 8. Let w(p) = -2*p**3 + 4*p**2 + p + 4. Let i(d) = 3*k(d) + 5*w(d). Suppose -50*f + 70*f + 140 = 0. What is i(f)?
3
Let c(z) = 19*z**2 - z - 3*z**3 + 2*z + 5*z + 6. Let s(y) = y**3 - 6*y**2 - 2*y - 2. Suppose -3*v - 7 + 1 = 0. Let f(t) = v*c(t) - 7*s(t). Determine f(4).
10
Let u = 112 - 119. Let p(n) = n**2 + 7*n + 10. What is p(u)?
10
Suppose -3*l + 4*l = 12. Suppose l*j